m) = 595*m**3 - 6*m**2 + 2*m + 2. Let l = -670 - -671. What is the hundreds digit of s(l)?
5
Let z(c) = 1293*c**3 - 13*c**2 - 13*c + 98. What is the thousands digit of z(3)?
4
Suppose 0 = -4*q + 20, -13*f + 11*f = -3*q - 29841. What is the units digit of f?
8
Let f = 197 + -127. Suppose w + f = 3*t + 3*w, w - 85 = -4*t. Suppose t*n - 18*n - 142 = 0. What is the units digit of n?
1
Suppose 0 = 49*t - 93*t + 40*t + 46512. What is the tens digit of t?
2
What is the thousands digit of (-5890925)/(-102) + (-45)/(-54)?
7
Suppose -93*l + 32 = -85*l. Let i(q) = 96*q - 16. What is the units digit of i(l)?
8
Let p(b) = -8*b**2 + 21*b - 51. Let d be p(9). Let t = d - -1726. What is the tens digit of t?
1
Let b(l) be the third derivative of -11*l**4/6 - 33*l**3/2 + 102*l**2. What is the units digit of b(-8)?
3
Let w = 510 + -517. Let r(a) = 21*a**2 + 5*a - 1. What is the tens digit of r(w)?
9
Suppose -8 = d - 12. Suppose 7*z + 5*a = 4*z + 599, z - 194 = d*a. What is the units digit of z?
8
Suppose -5*z - 2*c + 61 = 0, 2*z + 4*c = z + 23. Suppose 3*y - 3313 = -5*k, -k + 666 = -7*y + z*y. What is the tens digit of k?
6
Suppose 3*p + 305 = 2*u - 803, -3*u + p = -1676. Let j(t) = t + 5. Let r be j(-2). Suppose q - r*q = -u. What is the tens digit of q?
8
Let l(p) = -p**3 - 10*p**2 + p + 9. Let y be l(-10). Suppose 0 = -3*k + 10*k - 35. What is the units digit of 4*-1 - ((k - y) + -127)?
7
Let n = 69 + -80. Let v(x) = -2*x**2 - 2*x + 20. Let w be v(n). Let h = w + 393. What is the tens digit of h?
9
Let c = -9271 - -11447. What is the units digit of c?
6
Let s(v) = v**2 + 9*v + 25. Suppose 2*h - 8 = -0*h, -3*m - 43 = -4*h. Let c be s(m). What is the tens digit of 18/4*(c/3 - 5)?
1
Let k be (691 - -3) + 1 + -1. Suppose 2*m = -4*n + 5404, 4*n - 2016 - k = -m. What is the tens digit of ((-4)/3)/(-6 - m/(-450))?
0
Let i = -2079 + 7611. Suppose i + 618 = 5*p. Suppose -378 - p = -8*h. What is the tens digit of h?
0
Suppose -4*k - 6 = -2*q, 2*q - 4*q + 6 = k. Let v(j) = -2*j**3 - 6*j + 26 + j**q - 2 + 12*j**2 + 18*j. What is the units digit of v(13)?
1
Let a(p) be the third derivative of 3*p**5/20 + p**4/12 + 7*p**3/3 + 25*p**2. Let q(b) be the first derivative of a(b). What is the units digit of q(7)?
8
What is the tens digit of -1*(-2 + (-7 - -11)) + 1877?
7
Let f(v) = 17*v**2 - 487*v - 70. What is the thousands digit of f(47)?
4
Let b(z) = -27*z + 14. Let d be b(1). Let a(h) = -50*h - 9. What is the units digit of a(d)?
1
Let k(t) = -33*t - 35*t + 19*t - 28 - 23*t + t. What is the tens digit of k(-10)?
8
What is the tens digit of (-25044)/(-9)*1*(-6 + 5 + 4)?
4
Let c = 88044 - 30749. What is the hundreds digit of c?
2
Let d(i) = 3*i**3 - 9*i**2 + 87*i - 1. Let o be d(15). Suppose 0 = -9*q - 944 + o. What is the units digit of q?
0
Suppose -2117*o = -2121*o + 23420. What is the units digit of o?
5
Suppose 0 = 16*c - 42728 + 1640. Suppose 2*g - 2562 = -2*g - m, -4*g - 4*m = -c. What is the units digit of g?
0
Suppose t - 22 = 5*u, -3*u + 6 = -4*t + 60. What is the hundreds digit of 207/t*-6*(-1 + -3)?
4
Suppose 5*i + 5*b = 30, 3*i + 0*b + 2*b = 13. Suppose 5*q - 3*w - 11 = 0, 5*q + 2*w + 0 = i. What is the tens digit of (35/(-3))/(17/18 - q)?
1
Suppose -2*g = -6*g + 16. Let t(u) = 4*u**3 - 3*u**2 - 6*u + 1. Let o be t(g). Suppose 3*l + 38 - o = 0. What is the units digit of l?
9
Let a(j) = -4*j - 4. Let y be a(-3). Suppose -y + 4 = r. What is the units digit of (-14)/r*((2 - 0) + 0)?
7
Suppose -5 + 15 = 5*u. Suppose -200 = u*b - o - 2*o, 0 = 3*b + 3*o + 285. Let n = 34 - b. What is the tens digit of n?
3
Suppose -920850 = 4324*k - 4354*k. What is the thousands digit of k?
0
Let b(k) be the first derivative of 2*k**3/3 + 15*k**2/2 - 5*k - 1. Suppose -9*a - n = -54, 2*n + 18 = a + 2*a. What is the tens digit of b(a)?
5
Suppose -27*b = -31*b. What is the tens digit of (-4 + b - -155)/1?
5
Let c(d) = 416*d**2 - 11*d + 22. What is the units digit of c(2)?
4
Suppose k - 2 = 5*c, 3*c = c. Suppose 5*r - k*v - 1165 = 0, 11*r - 15*r - 2*v + 914 = 0. What is the tens digit of r?
3
What is the tens digit of (0 + 226 - (79 - 69))*51/6?
3
Let h(d) = 1970 - 7*d**2 + 10*d**2 + 25*d - 1777. What is the units digit of h(-17)?
5
Let t = -5547 - -5555. What is the units digit of t?
8
What is the tens digit of (475874/8)/7 + -5 + 325/52?
9
Let r = -201 + 204. Suppose 4*g - 716 = -0*u + 3*u, r*u = -g + 164. What is the hundreds digit of g?
1
Suppose -2*g + 4*d + 109 = -371, -5*g = 2*d - 1260. Let t = 533 - g. What is the units digit of t?
3
Suppose -41*r - 3*w - 117276 = -46*r, 3*r - 2*w = 70366. What is the hundreds digit of r?
4
Let k(y) = 15*y**2 - 4*y - 3. Let n be k(-1). Let l be (-42)/n - (-3)/(-8). What is the hundreds digit of 9765/60 + l/4?
1
Let a(m) be the third derivative of m**6/40 + m**5/60 - m**4/6 + 13*m**3/6 - 205*m**2. What is the hundreds digit of a(7)?
0
Let d = 8 + 3. Let v(x) = x**2 - 11*x + 4. Let c be v(d). Suppose j = -c, 2*r - 48 = 4*j - j. What is the units digit of r?
8
Suppose -14*h = -5*g - 11*h + 66521, 0 = 5*h - 40. What is the units digit of g?
9
What is the tens digit of -123*((-5)/(105/602) - -1)?
0
Let k(p) = 1723*p + 281. What is the hundreds digit of k(14)?
4
Let z be (0 + 2)/(6 - 253/44). Suppose z*h = 24*h - 5952. What is the units digit of h?
2
Suppose 5*y = 2*r - 7040, 3*r - 4*r - y + 3520 = 0. Suppose 3*i - r = -i. Suppose 2*z + 20 = 6*z, -5*w = 4*z - i. What is the tens digit of w?
7
Suppose -6130264 + 843346 = -138*i. What is the tens digit of i?
1
Let o(r) = 647*r**2 - 262*r + 798. What is the thousands digit of o(3)?
5
Suppose 2*w - 7*w = -3*v + 8389, -5*v = -5*w - 13985. Suppose v = 39*s + 536. What is the units digit of s?
8
Let l(g) = 2*g**2 + 5*g - 11. Let c be l(2). Let t(m) = 5*m**2 - 34*m + 3. What is the tens digit of t(c)?
1
Let h = 1131 - 2067. What is the units digit of (-11)/(22/h) + 1/1?
9
Suppose 5*f - 2*f = -l + 16, -5*f + 38 = -4*l. What is the hundreds digit of f*3*(-372)/(-108)*3?
1
What is the tens digit of (-4)/(-32) - (5 - 31359/8)?
1
Let q(x) = -100*x + 3. Let i = -5 - -80. Let j = -77 + i. What is the tens digit of q(j)?
0
Let p be 2 + 5 + (0 - 2). Suppose -42*x + 360 = -22*x. Suppose -x + p = -z. What is the units digit of z?
3
Let u(s) = 24*s**2 - 5*s - 1. Let x be u(1). What is the hundreds digit of ((-3032)/6 - 2)/((-12)/x)?
7
Suppose -5*g + 0*w - 2*w = -162, 3*w = g - 46. Suppose 0 = -s + 2*s + 2*r + 222, -s = -4*r + 192. Let v = g - s. What is the hundreds digit of v?
2
Let k(m) = -m**3 + 4*m**2. Let w be k(4). Suppose -10*t - 9*t + 2147 = w. What is the hundreds digit of t?
1
Let q be 5745/(-4) + 3/(-3 + 15). Let m = 3226 + q. What is the units digit of -1*(m/(-20) + (-3)/(-2))?
8
Let v(f) = -60*f - 29. Let c be v(-7). Suppose 11*d + c = 3*k + 10*d, -4*d = 4*k - 500. What is the units digit of k?
9
Let o = -105342 + 201804. What is the tens digit of o?
6
Let x be 1 + -2 + -18 + 22. Suppose -10 = 2*m, l + m = x*l - 15. Suppose -2*k + 65 = f - l, 0 = 4*f + 4*k - 264. What is the units digit of f?
2
Suppose 125*z - 12824 = 123*z. Suppose -z = -98*h + 91*h. What is the hundreds digit of h?
9
Suppose 25*w + 25*w = 53*w - 87357. What is the ten thousands digit of w?
2
Let i(q) = 205*q + 31. Suppose 3*h + 5*t - 3 = 0, -2*h - t = -2*t - 2. What is the units digit of i(h)?
6
Suppose 0 = p + 20 + 30. Let s = p + 44. What is the units digit of (33/s - -2)*-12?
2
What is the thousands digit of 25 - 64768/(-24) - (-1)/3?
2
What is the units digit of (-1 + 3071)/((-32)/(352/(-22)))?
5
Suppose -286*f = -289*f + 11922. What is the tens digit of f?
7
Let f(s) = s**3 + 53*s**2 - 2*s - 102. Let c be f(-53). Suppose -936 - 3499 = -c*x + 3*d, 0 = 2*d + 2. What is the hundreds digit of x?
1
Suppose -4*i - 25*j + 12240 = -21*j, -3*j = -i + 3060. What is the tens digit of i?
6
Let m(c) = -5*c - 17. Let q be m(-5). Let i(r) = r - 7. Let j be i(q). Let g(v) = 64*v**2 - 1. What is the units digit of g(j)?
3
Let q(g) be the first derivative of -131*g**2/2 - 118*g + 34. What is the tens digit of q(-9)?
6
Let u be 2/8 + 7/4. Suppose 4*a + 574 = 5*o + 5*a, -u*o + 231 = -a. Let t = o + -47. What is the units digit of t?
8
What is the thousands digit of (-6)/14 - (2329840/(-70) - -16)?
3
Suppose -4*x = -5 - 7. Let q be (x/(-9))/(4 - 49/12)